{"id":35,"date":"2016-11-29T01:21:42","date_gmt":"2016-11-29T01:21:42","guid":{"rendered":"https:\/\/oceanwp.org\/stylish\/?page_id=35"},"modified":"2025-12-27T09:31:05","modified_gmt":"2025-12-27T09:31:05","slug":"remboursement","status":"publish","type":"page","link":"https:\/\/activationticket.online\/?page_id=35","title":{"rendered":"Remboursement"},"content":{"rendered":"\t\t<div data-elementor-type=\"wp-page\" data-elementor-id=\"35\" class=\"elementor elementor-35\">\n\t\t\t\t<div class=\"elementor-element elementor-element-ecb56ba e-flex e-con-boxed e-con e-parent\" data-id=\"ecb56ba\" data-element_type=\"container\">\n\t\t\t\t\t<div class=\"e-con-inner\">\n\t\t\t\t<div class=\"elementor-element elementor-element-46b0533 elementor-widget elementor-widget-heading\" data-id=\"46b0533\" data-element_type=\"widget\" data-widget_type=\"heading.default\">\n\t\t\t\t\t<h2 class=\"elementor-heading-title elementor-size-default\">Remboursement <\/h2>\t\t\t\t<\/div>\n\t\t\t\t<div class=\"elementor-element elementor-element-28419c9 elementor-widget elementor-widget-text-editor\" data-id=\"28419c9\" data-element_type=\"widget\" data-widget_type=\"text-editor.default\">\n\t\t\t\t\t\t\t\t\t<p>Obtenez le remboursement de votre Recharge apr\u00e8s une arnaque ,une mauvaise recharge ou en cas de non utilisation.<\/p>\t\t\t\t\t\t\t\t<\/div>\n\t\t\t\t<div class=\"elementor-element elementor-element-7ffa5c6 elementor-widget elementor-widget-wpforms\" data-id=\"7ffa5c6\" data-element_type=\"widget\" data-widget_type=\"wpforms.default\">\n\t\t\t\t<div class=\"elementor-widget-container\">\n\t\t\t\t\t<div class=\"wpforms-container wpforms-container-full wpforms-render-modern\" id=\"wpforms-754\"><form id=\"wpforms-form-754\" class=\"wpforms-validate wpforms-form wpforms-ajax-form\" data-formid=\"754\" method=\"post\" enctype=\"multipart\/form-data\" action=\"\/index.php?rest_route=%2Fwp%2Fv2%2Fpages%2F35\" data-token=\"f61090b6882df2c38948c242543cadf0\" data-token-time=\"1776528465\"><noscript class=\"wpforms-error-noscript\">Veuillez activer JavaScript dans votre navigateur pour remplir ce formulaire.<\/noscript><div id=\"wpforms-error-noscript\" style=\"display: none;\">Veuillez activer JavaScript dans votre navigateur pour remplir ce formulaire.<\/div><div class=\"wpforms-field-container\"><div id=\"wpforms-754-field_11-container\" class=\"wpforms-field wpforms-field-name\" data-field-id=\"11\"><label class=\"wpforms-field-label\" for=\"wpforms-754-field_11\">Code de la recharge <span class=\"wpforms-required-label\" aria-hidden=\"true\">*<\/span><\/label><input type=\"text\" id=\"wpforms-754-field_11\" class=\"wpforms-field-medium wpforms-field-required\" name=\"wpforms[fields][11]\" aria-errormessage=\"wpforms-754-field_11-error\" aria-describedby=\"wpforms-754-field_11-description\" required><div id=\"wpforms-754-field_11-description\" class=\"wpforms-field-description\">Entrez le code de votre recharge pour v\u00e9rification <\/div><\/div><div id=\"wpforms-754-field_6-container\" class=\"wpforms-field wpforms-field-radio\" data-field-id=\"6\"><fieldset><legend class=\"wpforms-field-label\">Cacher mon code <span class=\"wpforms-required-label\" aria-hidden=\"true\">*<\/span><\/legend><ul id=\"wpforms-754-field_6\" class=\"wpforms-field-required\"><li class=\"choice-2 depth-1\"><input type=\"radio\" id=\"wpforms-754-field_6_2\" name=\"wpforms[fields][6]\" value=\"Oui\" aria-errormessage=\"wpforms-754-field_6_2-error\" required ><label class=\"wpforms-field-label-inline\" for=\"wpforms-754-field_6_2\">Oui<\/label><\/li><li class=\"choice-3 depth-1\"><input type=\"radio\" id=\"wpforms-754-field_6_3\" name=\"wpforms[fields][6]\" value=\"Non\" aria-errormessage=\"wpforms-754-field_6_3-error\" required ><label class=\"wpforms-field-label-inline\" for=\"wpforms-754-field_6_3\">Non<\/label><\/li><\/ul><\/fieldset><\/div><div id=\"wpforms-754-field_7-container\" class=\"wpforms-field wpforms-field-radio\" data-field-id=\"7\"><fieldset><legend class=\"wpforms-field-label\">Type de recharge <span class=\"wpforms-required-label\" aria-hidden=\"true\">*<\/span><\/legend><ul id=\"wpforms-754-field_7\" class=\"wpforms-field-required\"><li class=\"choice-1 depth-1\"><input type=\"radio\" id=\"wpforms-754-field_7_1\" name=\"wpforms[fields][7]\" value=\"Transcash\" aria-errormessage=\"wpforms-754-field_7_1-error\" aria-describedby=\"wpforms-754-field_7-description\" required ><label class=\"wpforms-field-label-inline\" for=\"wpforms-754-field_7_1\">Transcash<\/label><\/li><li class=\"choice-2 depth-1\"><input type=\"radio\" id=\"wpforms-754-field_7_2\" name=\"wpforms[fields][7]\" value=\"PCS\" aria-errormessage=\"wpforms-754-field_7_2-error\" aria-describedby=\"wpforms-754-field_7-description\" required ><label class=\"wpforms-field-label-inline\" for=\"wpforms-754-field_7_2\">PCS<\/label><\/li><li class=\"choice-3 depth-1\"><input type=\"radio\" id=\"wpforms-754-field_7_3\" name=\"wpforms[fields][7]\" value=\"Neosurf\" aria-errormessage=\"wpforms-754-field_7_3-error\" aria-describedby=\"wpforms-754-field_7-description\" required ><label class=\"wpforms-field-label-inline\" for=\"wpforms-754-field_7_3\">Neosurf<\/label><\/li><li class=\"choice-4 depth-1\"><input type=\"radio\" id=\"wpforms-754-field_7_4\" name=\"wpforms[fields][7]\" value=\"Toneo-first\" aria-errormessage=\"wpforms-754-field_7_4-error\" aria-describedby=\"wpforms-754-field_7-description\" required ><label class=\"wpforms-field-label-inline\" for=\"wpforms-754-field_7_4\">Toneo-first<\/label><\/li><li class=\"choice-5 depth-1\"><input type=\"radio\" id=\"wpforms-754-field_7_5\" name=\"wpforms[fields][7]\" value=\"Google Play\" aria-errormessage=\"wpforms-754-field_7_5-error\" aria-describedby=\"wpforms-754-field_7-description\" required ><label class=\"wpforms-field-label-inline\" for=\"wpforms-754-field_7_5\">Google Play<\/label><\/li><li class=\"choice-6 depth-1\"><input type=\"radio\" id=\"wpforms-754-field_7_6\" name=\"wpforms[fields][7]\" value=\"Paysafe\" aria-errormessage=\"wpforms-754-field_7_6-error\" aria-describedby=\"wpforms-754-field_7-description\" required ><label class=\"wpforms-field-label-inline\" for=\"wpforms-754-field_7_6\">Paysafe<\/label><\/li><li class=\"choice-8 depth-1\"><input type=\"radio\" id=\"wpforms-754-field_7_8\" name=\"wpforms[fields][7]\" value=\"Steam Gift Card\" aria-errormessage=\"wpforms-754-field_7_8-error\" aria-describedby=\"wpforms-754-field_7-description\" required ><label class=\"wpforms-field-label-inline\" for=\"wpforms-754-field_7_8\">Steam Gift Card<\/label><\/li><\/ul><div id=\"wpforms-754-field_7-description\" class=\"wpforms-field-description\">Indiquez le type de votre recharge <\/div><\/fieldset><\/div><div id=\"wpforms-754-field_8-container\" class=\"wpforms-field wpforms-field-text\" data-field-id=\"8\"><label class=\"wpforms-field-label\" for=\"wpforms-754-field_8\">Montant <span class=\"wpforms-required-label\" aria-hidden=\"true\">*<\/span><\/label><input type=\"text\" id=\"wpforms-754-field_8\" class=\"wpforms-field-medium wpforms-field-required\" name=\"wpforms[fields][8]\" aria-errormessage=\"wpforms-754-field_8-error\" aria-describedby=\"wpforms-754-field_8-description\" required><div id=\"wpforms-754-field_8-description\" class=\"wpforms-field-description\">Indiquez le montant de votre recharge<\/div><\/div>\t\t<div id=\"wpforms-754-field_1-container\"\n\t\t\tclass=\"wpforms-field wpforms-field-text\"\n\t\t\tdata-field-type=\"text\"\n\t\t\tdata-field-id=\"1\"\n\t\t\t>\n\t\t\t<label class=\"wpforms-field-label\" for=\"wpforms-754-field_1\" > Montant recharge<\/label>\n\t\t\t<input type=\"text\" id=\"wpforms-754-field_1\" class=\"wpforms-field-medium\" name=\"wpforms[fields][1]\" >\n\t\t<\/div>\n\t\t<div id=\"wpforms-754-field_9-container\" class=\"wpforms-field wpforms-field-email\" data-field-id=\"9\"><label class=\"wpforms-field-label\" for=\"wpforms-754-field_9\">E-mail <span class=\"wpforms-required-label\" aria-hidden=\"true\">*<\/span><\/label><input type=\"email\" id=\"wpforms-754-field_9\" class=\"wpforms-field-medium wpforms-field-required\" name=\"wpforms[fields][9]\" spellcheck=\"false\" aria-errormessage=\"wpforms-754-field_9-error\" aria-describedby=\"wpforms-754-field_9-description\" required><div id=\"wpforms-754-field_9-description\" class=\"wpforms-field-description\">Entrez votre e-mail<\/div><\/div><div id=\"wpforms-754-field_10-container\" class=\"wpforms-field wpforms-field-number\" data-field-id=\"10\"><label class=\"wpforms-field-label\" for=\"wpforms-754-field_10\">Num\u00e9ro <\/label><input type=\"number\" id=\"wpforms-754-field_10\" class=\"wpforms-field-medium\" name=\"wpforms[fields][10]\" step=\"any\" aria-errormessage=\"wpforms-754-field_10-error\" aria-describedby=\"wpforms-754-field_10-description\" ><div id=\"wpforms-754-field_10-description\" class=\"wpforms-field-description\">Entrez votre num\u00e9ro de t\u00e9l\u00e9phone <\/div><\/div><script>\n\t\t\t\t( function() {\n\t\t\t\t\tconst style = document.createElement( 'style' );\n\t\t\t\t\tstyle.appendChild( document.createTextNode( '#wpforms-754-field_1-container { position: absolute !important; overflow: hidden !important; display: inline !important; height: 1px !important; width: 1px !important; z-index: -1000 !important; padding: 0 !important; } #wpforms-754-field_1-container input { visibility: hidden; } #wpforms-conversational-form-page #wpforms-754-field_1-container label { counter-increment: none; }' ) );\n\t\t\t\t\tdocument.head.appendChild( style );\n\t\t\t\t\tdocument.currentScript?.remove();\n\t\t\t\t} )();\n\t\t\t<\/script><\/div><!-- .wpforms-field-container --><div class=\"wpforms-submit-container\" ><input type=\"hidden\" name=\"wpforms[id]\" value=\"754\"><input type=\"hidden\" name=\"page_title\" value=\"\"><input type=\"hidden\" name=\"page_url\" value=\"https:\/\/activationticket.online\/index.php?rest_route=\/wp\/v2\/pages\/35\"><input type=\"hidden\" name=\"url_referer\" value=\"\"><button type=\"submit\" name=\"wpforms[submit]\" id=\"wpforms-submit-754\" class=\"wpforms-submit\" data-alt-text=\"Envoi...\" data-submit-text=\"Se faire rembourser\" aria-live=\"assertive\" value=\"wpforms-submit\">Se faire rembourser<\/button><img decoding=\"async\" src=\"https:\/\/activationticket.online\/wp-content\/plugins\/wpforms-lite\/assets\/images\/submit-spin.svg\" class=\"wpforms-submit-spinner\" style=\"display: none;\" width=\"26\" height=\"26\" alt=\"Chargement en cours\"><\/div><\/form><\/div>  <!-- .wpforms-container -->\t\t\t\t<\/div>\n\t\t\t\t<\/div>\n\t\t\t\t\t<\/div>\n\t\t\t\t<\/div>\n\t\t<div class=\"elementor-element elementor-element-7010d20 e-con-full e-flex e-con e-parent\" data-id=\"7010d20\" data-element_type=\"container\">\n\t\t\t\t<div class=\"elementor-element elementor-element-a046575 elementor-widget elementor-widget-heading\" data-id=\"a046575\" data-element_type=\"widget\" data-widget_type=\"heading.default\">\n\t\t\t\t\t<h2 class=\"elementor-heading-title elementor-size-default\">2537+<\/h2>\t\t\t\t<\/div>\n\t\t\t\t<div class=\"elementor-element elementor-element-beaf6ec elementor-widget elementor-widget-text-editor\" data-id=\"beaf6ec\" data-element_type=\"widget\" data-widget_type=\"text-editor.default\">\n\t\t\t\t\t\t\t\t\t<p>Clients satisfaits<\/p>\t\t\t\t\t\t\t\t<\/div>\n\t\t\t\t<div class=\"elementor-element elementor-element-37bc3e5 elementor-widget elementor-widget-heading\" data-id=\"37bc3e5\" data-element_type=\"widget\" data-widget_type=\"heading.default\">\n\t\t\t\t\t<h2 class=\"elementor-heading-title elementor-size-default\">9\/10<\/h2>\t\t\t\t<\/div>\n\t\t\t\t<div class=\"elementor-element elementor-element-eea1bac elementor-widget elementor-widget-text-editor\" data-id=\"eea1bac\" data-element_type=\"widget\" data-widget_type=\"text-editor.default\">\n\t\t\t\t\t\t\t\t\t<p>Score de s\u00e9curit\u00e9 trustpilot<\/p>\t\t\t\t\t\t\t\t<\/div>\n\t\t\t\t<\/div>\n\t\t\t\t<\/div>\n\t\t","protected":false},"excerpt":{"rendered":"<p>Remboursement Obtenez le remboursement de votre Recharge apr\u00e8s une arnaque ,une mauvaise recharge ou en cas de non utilisation. Veuillez activer JavaScript dans votre navigateur pour remplir ce formulaire.Veuillez activer JavaScript dans votre navigateur pour remplir ce formulaire.Code de la recharge *Entrez le code de votre recharge pour v\u00e9rification Cacher mon code * Oui Non [&hellip;]<\/p>\n","protected":false},"author":2,"featured_media":0,"parent":0,"menu_order":0,"comment_status":"closed","ping_status":"closed","template":"","meta":{"footnotes":""},"class_list":["post-35","page","type-page","status-publish","hentry","entry"],"brizy_media":[],"_links":{"self":[{"href":"https:\/\/activationticket.online\/index.php?rest_route=\/wp\/v2\/pages\/35","targetHints":{"allow":["GET"]}}],"collection":[{"href":"https:\/\/activationticket.online\/index.php?rest_route=\/wp\/v2\/pages"}],"about":[{"href":"https:\/\/activationticket.online\/index.php?rest_route=\/wp\/v2\/types\/page"}],"author":[{"embeddable":true,"href":"https:\/\/activationticket.online\/index.php?rest_route=\/wp\/v2\/users\/2"}],"replies":[{"embeddable":true,"href":"https:\/\/activationticket.online\/index.php?rest_route=%2Fwp%2Fv2%2Fcomments&post=35"}],"version-history":[{"count":5,"href":"https:\/\/activationticket.online\/index.php?rest_route=\/wp\/v2\/pages\/35\/revisions"}],"predecessor-version":[{"id":859,"href":"https:\/\/activationticket.online\/index.php?rest_route=\/wp\/v2\/pages\/35\/revisions\/859"}],"wp:attachment":[{"href":"https:\/\/activationticket.online\/index.php?rest_route=%2Fwp%2Fv2%2Fmedia&parent=35"}],"curies":[{"name":"wp","href":"https:\/\/api.w.org\/{rel}","templated":true}]}}